it of f(w)?
3
Suppose 46*v - 5*v = 21*v + 631020. What is the units digit of v?
1
Suppose 5*l = l + 8. Suppose d + 3*v + 1 - 27 = 0, 2*d - 44 = -l*v. What is the units digit of (-656)/d*5/(-2)?
2
Let l(n) = 26*n - 3. Let c(z) = -11*z + 2. Let j(r) = 7*c(r) + 3*l(r). Suppose 18 = 5*p - 4*h, -p + 6*p + h = 8. What is the units digit of j(p)?
7
Let x = 1967 + 3. Suppose 5*s - x = 5*j, -4*j = 4*s - 7*s + 1184. What is the tens digit of s?
9
Let b = -527 - -894. Suppose 5*r - 1763 = -3*h, -r + b = -88*h + 85*h. What is the units digit of r?
5
Let q = 440 - 434. Let h(y) = 47*y**2 + 2*y - 80. What is the thousands digit of h(q)?
1
Suppose 8*t - t = 0. Suppose t = 2*j - 610 - 514. What is the units digit of j?
2
Suppose -p - p + 6 = -2*g, p - 13 = -4*g. Suppose p*k = -2*a + 383, 2*k = -k + 2*a + 217. What is the tens digit of -4*2/(-12)*k?
5
Let r = -898 - -970. What is the units digit of r?
2
Suppose 9*m - 6*m = 438. Let f be -8 + 2 + (8 + 332 - -5). Let v = f - m. What is the hundreds digit of v?
1
Let q be -2*(-2)/(-4) + 6. Let k(j) = -33*j + j**3 - j**2 - 5 + 7*j - 1 + 5 + 25*j. What is the units digit of k(q)?
4
Let o(f) = 2*f**2 - 4*f + 5. Let t be o(-16). Let l = t - 214. What is the units digit of l?
7
Let l(c) = 3*c - 49. Let w be (-2 + -2 + 55)/3. Let a be l(w). Suppose 4*z = 2*f - 364, -a*f + 5*z + 174 = -188. What is the hundreds digit of f?
1
Suppose 0*c - 6*c = 0. Suppose -u + c = 2. What is the units digit of (30 - u) + 7 + -4?
5
Suppose 11*n = 10*n - 14*n + 91635. What is the hundreds digit of n?
1
Let y(b) = -16*b + 165. Let w be y(10). Suppose -5 = 6*c - 11*c, 5*c + 1755 = w*o. What is the units digit of o?
2
Suppose 0*j + 4*g - 88 = j, 4*g = -3*j - 200. Suppose 0 = -5*r + 3*s + 134, -4*s + 8 + 28 = r. Let o = r - j. What is the tens digit of o?
0
Let i = -1788 + 2356. What is the tens digit of i?
6
What is the thousands digit of (150/40)/((-18)/(-158520))?
3
Let a = 39 + -84. What is the units digit of (-3 - 19585/a) + (-4)/18?
2
Let f = -690 + 122. Let h = 268 + f. Let p = h - -484. What is the hundreds digit of p?
1
Suppose -65*u - 72365 = -3*x - 63*u, x - 24119 = u. What is the hundreds digit of x?
1
Let w = 22 + 52. Let y be 71/(-5) - 1/(-5). Let f = y + w. What is the tens digit of f?
6
Let l be 0/(3*4/(-12)). Suppose o - 5 = l, -3*o + o = -z - 107. Let t = -54 - z. What is the tens digit of t?
4
Let q = 167 - 56. Let f = -22 + q. What is the units digit of f?
9
What is the tens digit of 697/238*20209 + (-2)/(-4)?
8
Let q = 1295 + 957. What is the thousands digit of q?
2
Let z(m) be the second derivative of 2*m**3 - 2*m. Suppose 68 - 48 = 5*o. What is the units digit of z(o)?
8
Let j = -1434 - -1631. Let d be (-2)/(-8) - (-129)/(-4). Let b = j + d. What is the hundreds digit of b?
1
Suppose 5*g - 145 = -t - t, 32 = g + t. Suppose -g = -z - 80. Let b = -35 - z. What is the units digit of b?
8
Let o(i) = -11372*i**3 - 6*i**2 - 6*i + 1. What is the tens digit of o(-1)?
7
Suppose -5*h = -b - 4099, 2*b - 4654 = -5*h - 567. Let c = 1148 - h. What is the hundreds digit of c?
3
Suppose 5*g + 23321 = 3*j, 0 = -4*g - 22 + 30. What is the units digit of j?
7
Suppose 0 = -b - 4*j + j + 1006, -j + 4024 = 4*b. Let f = -508 + b. What is the units digit of f?
8
Suppose 2*q - 4*r - 4915 = -r, r = -3*q + 7400. What is the units digit of q?
5
Let w(b) = 5*b - 6. Let p be w(1). Let q = p + 82. What is the tens digit of q?
8
Suppose 117*y = -566*y + 39819583. What is the thousands digit of y?
8
Suppose 3*l + 2*n + 676 - 2439 = 0, -4*n = 8. Suppose -3*r + 539 = -l. Suppose -4*b + r = 3*o, -4*o + 127 = b - 357. What is the hundreds digit of o?
1
Let d be 210/51 + (-10)/85. Suppose -14*c - d - 24 = 0. Let g = 185 - c. What is the tens digit of g?
8
Suppose -37*o + 140299 + 496124 = 124084. What is the ten thousands digit of o?
1
Let h be (1 + -6)*(-5)/(-10)*-2. Suppose h*m - 4*m = 0. Suppose 4*j + 49 = 3*k, m = 3*k + 2*j - 57 - 22. What is the tens digit of k?
2
Let c(b) = -2*b - 35. Let a be c(-19). Suppose a*u - 5*w - 9 = -w, -2*u = -3*w - 6. Suppose -r = r - 4, -235 = -u*s - 2*r. What is the units digit of s?
7
Let t = 21393 + -6533. What is the ten thousands digit of t?
1
Suppose 2*r - 3 = 9. Let n be (-4 + r/4)*(-8)/5. Suppose 0 = n*q + 5*j - 529 + 13, q = 3*j + 112. What is the tens digit of q?
2
Let c(y) = -112*y + 1241. What is the units digit of c(-66)?
3
Let b(k) = -k - 6. Let q be b(-10). Suppose -2*w + 6 = 0, 5*d = q*d + 2*w + 16. Suppose d = 4*y - 398. What is the hundreds digit of y?
1
Let r(a) = -3*a + 39. Let y be r(12). Let v be (-3 + y)*2/(-6). Suppose v = 3*t - 4*t + 120. What is the tens digit of t?
2
Let k be (1 + -3)/(-1)*(-117)/(-18). Suppose -6*t - k = -115. What is the units digit of t?
7
Let m be (12/(-18))/((-4)/120). Suppose k - 4*v = -10, -2*v + m = k + k. What is the units digit of k/27 + 86/18?
5
Let j(q) = 2*q + 20. Let w be j(-8). Suppose 3*o - p - 628 = 0, -w*p = p - 10. What is the tens digit of o?
1
Let h = -85 - 536. Let o be 20/(-15)*h/6. Suppose 3*j = o + 159. What is the units digit of j?
9
Let m be (64/(-8))/24*-15. Suppose -m*t - a + 15 = -2109, -851 = -2*t + a. What is the tens digit of t?
2
What is the thousands digit of ((-1552635)/(-99) - -1 - 8) + (-6)/33?
5
Let u be (1 - (-3 + 1))/(-1). Let k be u/2*64/(-24). Suppose k*q = -4 + 8. What is the units digit of q?
1
Let v = -8385 + 12214. What is the tens digit of v?
2
Let z be 2/13 + 831/(-78)*40. Let y be -1*z/(-8) - (-2)/8. Let a = 4 - y. What is the units digit of a?
7
Suppose -5*m = 3*j - 37, -3*m + 5 = -3*j + 2. Suppose -320 = j*h - 920. Suppose -6*i + h = -1218. What is the hundreds digit of i?
2
Suppose 4*q + 3 + 6 = v, -2*v = -3*q - 13. Suppose -3*w + 2*w = -3*u + 2437, -u + 817 = -v*w. What is the tens digit of u?
1
Suppose 4*y + 9 = -5*t, 28 = -4*y + 4*t - 8. Let j(q) = -q**3 - 6*q**2 + 7*q. Let x be j(y). Let a = x - -143. What is the hundreds digit of a?
1
What is the hundreds digit of 21/210*6*8785?
2
Suppose 0 = -b - 5*l - 20, -4*b - 3*l = -1 + 13. Let t = 3 + b. Suppose 4 = 4*w, -p + 3*p - 335 = t*w. What is the hundreds digit of p?
1
Let u(q) = 4*q**3 - q**2 - q + 5. Let p be u(2). Suppose 36*x = p*x + 805. What is the units digit of x?
1
Let a be -1 - ((-88)/10)/((-7)/245). Let j = a + 647. What is the units digit of j?
8
Let k(g) = -2*g**3 - 13*g**2 + 45*g - 24. What is the hundreds digit of k(-16)?
1
Let i(w) = -49*w**3 - 54*w**2 + 18*w**2 - 17 - 42*w + 105*w**3 - 54*w**3 - 2. What is the hundreds digit of i(20)?
7
Let a(n) = -n**3 + 10*n**2 - 5*n - 6. Let o be 29/9 - (-48)/(-216). Suppose 4*h - 4*r = 36, -2*r - o = 1. What is the tens digit of a(h)?
0
Let u = 191 + -40. Let a be -1 + (-81 - 6) + (-4 - -3). Let s = a + u. What is the units digit of s?
2
Let t(z) = 193*z**2 - 38*z - 79. What is the hundreds digit of t(20)?
3
Let o = 13396 - 1625. What is the ten thousands digit of o?
1
Let v(p) = 8*p**2 + 10*p + 5. Let r = 110 - 103. What is the units digit of v(r)?
7
Let b(f) = -2*f**2 + 20*f + 108. Let w(z) = -z**2 - z - 1. Let h(r) = b(r) - 3*w(r). What is the tens digit of h(0)?
1
Let d(u) = -u - 2. Let g(p) = -32*p + 33. Let l(a) = 2*d(a) + g(a). What is the tens digit of l(-9)?
3
Let y = -29 - 48. Let q = 140 + y. Suppose 6 = 2*i, -q = -4*g + 4*i + 253. What is the units digit of g?
2
Let s = -12943 - -23558. What is the thousands digit of s?
0
Let s(t) = -40680*t**3 + t**2 - 10*t - 13. What is the hundreds digit of s(-1)?
6
Let q = 911 - 317. Suppose -2*d + q = 2*j - 1768, 0 = -5*d - 3*j + 5897. What is the hundreds digit of d?
1
Suppose 5*p - s - 402 = 419, 0 = -3*p + s + 493. Let x = p + 55. What is the units digit of x?
9
Suppose -6*f - 7 = -13. What is the hundreds digit of f + 1 - (-24 + -143)?
1
Suppose 2785631 = -13*s + 212*s + 660709. What is the thousands digit of s?
0
Suppose -4*d + 121 = 5*g, 7*d - 5*g - 185 = 2*d. Let t = 52 - d. Suppose 0 = -3*c + v + 37, -4*v + 2 = t. What is the units digit of c?
1
Let c be 120/5*-42 + 4. Let m = 72 - c. What is the thousands digit of m?
1
What is the units digit of (-50 - -9229) + (2 - (-1)/(-1))?
0
Suppose 4*u - 80838 = -2*h, 0 = 31*h - 29*h - 14. What is the hundreds digit of u?
2
Let y(b) = -b + 1. Let j(i) be the first derivative of 6*i**2 - 67*i + 6. Let m(o) = j(o) + 5*y(